ided by 27.
25
Let f(p) = -p + 106. What is the remainder when 2711 is divided by f(-12)?
115
Let o(b) = -164 + 77 + 82 - b**2 - 17*b. What is the remainder when o(-6) is divided by 16?
13
Suppose p - 3*p = 5*d - 45, p - 3 = 4*d. Let s = p + 7. What is the remainder when 2/3 - -187*4/12 is divided by s?
19
Let p(g) = g**3 - g**2 + 8*g - 4. What is the remainder when 3 + 2 + -2 + 148 is divided by p(3)?
37
Let o = -199 - -208. Calculate the remainder when 29 is divided by o.
2
Let y = 1741 + -1633. What is the remainder when y is divided by 39?
30
Suppose 311*z + 2*w + 56 = 315*z, 0 = -3*z + 5*w + 35. Suppose -4*m + 3*s + s + 16 = 0, -3*m + s = -12. Calculate the remainder when z is divided by m.
3
Let m(u) = 13*u - 117. What is the remainder when 111 is divided by m(11)?
7
What is the remainder when 61 is divided by (4 - -2)/(58/(-16) - -4)?
13
Suppose 5*u + 5 = 6*u. What is the remainder when 12 is divided by u?
2
Let c = -769 - -882. What is the remainder when c is divided by (6/10)/((-5)/(-475))?
56
Let w(l) = -l**2 + 10*l - 6. Suppose 6*v - 7*v + 8 = 0. Let o be w(v). Calculate the remainder when 1582/35 - 2/o is divided by 12.
9
Let s = -49 + 79. Calculate the remainder when s is divided by 3.
0
Let b = -2066 + 2117. Calculate the remainder when 419 is divided by b.
11
Let a(r) = 3*r**2 - 12*r + 7. Let x be a(5). Let h = x + 0. Calculate the remainder when h is divided by 1 - (-2*3 + -1).
6
Suppose -2*v = 3*d - 12, -2*v + 2*d = 3*d - 4. Suppose v = -4*j + 1 + 167. Calculate the remainder when j is divided by 4/6 - (-62)/6.
9
Let v(k) = 2*k**2 - 12*k - 79. Calculate the remainder when 121 is divided by v(-5).
28
Let i = 487 - 472. What is the remainder when 44 is divided by i?
14
Let o be ((-1)/3)/((-4)/156). Suppose o = -4*v + 25. Calculate the remainder when 26 is divided by v.
2
Suppose -12*b - 3*b + 105 = 0. What is the remainder when 41 is divided by b?
6
Let b = 594 - 347. What is the remainder when b is divided by 63?
58
Let r(t) = 2*t**2 + 3*t - 5. Let a be r(5). Suppose a = 4*q - 64. What is the remainder when q is divided by 8?
7
Suppose 2*g + 3*b - 32 = 0, g - 3*b - 23 = -25. Calculate the remainder when 426 is divided by g.
6
Let d(l) = l**3 - 2. Let j be d(2). Suppose f + 95 = j*f. Let b = -2 - -12. What is the remainder when f is divided by b?
9
Let k(p) = -1802*p**2 - 2*p. Let l be k(-1). What is the remainder when 1/(-4) + l/(-32) is divided by 15?
11
Let j(h) = -h**3 - 6*h**2 - h + 3. Let k be j(-7). Let w = k - 22. Suppose 2*f = -3*f + 65. What is the remainder when w is divided by f?
11
Suppose 40*k = 14*k + 390. What is the remainder when k is divided by (0 - -4)*2/1?
7
Let q(i) = 7 - i + 13 - 4 - 6*i. What is the remainder when q(-7) is divided by 18?
11
Let n = 112 + -71. Suppose o - 5 = -3*t + n, -2*o = t - 72. Calculate the remainder when 133 is divided by o.
31
Calculate the remainder when ((-2)/(-8))/((-6)/(-816)) is divided by 9.
7
Calculate the remainder when 91 is divided by (13 + -14)/((-4)/68).
6
Let v(q) = 64*q**2 + 10*q + 14. Calculate the remainder when v(-2) is divided by 28.
26
Let a = -508 - -535. What is the remainder when 44 is divided by a?
17
Let x = 6 + 9. What is the remainder when x is divided by 9?
6
Let k = -853 + 1220. What is the remainder when k is divided by 8?
7
Let j be 202/(-2)*-1 + 3. Let o = -85 + j. Calculate the remainder when o is divided by 13.
6
Suppose -2*w - 62 = -x, 5*w = -0*x + x - 47. Let v = -50 + x. Suppose 6*b - 8 = 5*b. What is the remainder when v is divided by b?
6
Suppose -f - 319 = -3*b - 38, 3*f - 180 = -2*b. Let r = b + 51. Suppose -10*i = -14*i + r. What is the remainder when i is divided by 19?
17
Suppose 2*g = 3*g. Suppose -p = 0, i - 1 + g = 5*p. Calculate the remainder when 7 is divided by 5*(-3 + 3 + i).
2
Suppose -5*b = -2*b - 15. Let h be ((-54)/4)/(b/(-30)). Suppose -4*d + 5*o + 324 = 0, -2*d - 4*o = -h - 81. What is the remainder when d is divided by 28?
25
Suppose -4*t - 2*k - 5 + 3 = 0, 5*k = 3*t - 31. Suppose 0 = t*j + 1 - 15. Suppose -39 - 17 = -j*n. Calculate the remainder when n is divided by 3.
2
Suppose 0 = -4*y + 3*y + 32. Let h be (1*-2)/(y/16). Calculate the remainder when h + -2 - (-50 - -2) is divided by 16.
13
Let g(t) = -t**3 + 5*t**2 - t + 7. Let c be g(5). Suppose -2*f + 34 = -c*j, j = 2*f + 5*j - 16. Calculate the remainder when f is divided by 5.
4
Let p = 0 - -4. Calculate the remainder when 96 is divided by p.
0
Let x(z) be the first derivative of z**4/4 + z**3 + 3*z**2 - 3. Let m be x(-4). Let p = -25 - m. Calculate the remainder when 72 is divided by p.
12
Suppose 27*n - 792 = -17*n. Let v = -121 + 190. What is the remainder when v is divided by n?
15
Let k = 48 + -40. Let i(t) = 3*t + 3*t**2 - 7*t - 2*t**2 - 5. What is the remainder when i(k) is divided by 14?
13
Let h = -310 + 458. What is the remainder when h is divided by 30?
28
Suppose 0 = 5*q - 3*j - 99, 0 = q + j - 16 + 1. What is the remainder when q is divided by (-1 - 1)*(-755)/302?
3
Let k(o) = 4*o**2 - 4*o + 2. Let y be k(3). Suppose r - 205 = -y. What is the remainder when r is divided by 45?
44
Suppose c - 64 = -c. Suppose u + 2*h = 11, -4*u - 5*h - 18 = -53. Suppose -26 = u*p - 81. Calculate the remainder when c is divided by p.
10
Let r = 2273 - 2258. Calculate the remainder when 957 is divided by r.
12
Let j(q) = 8*q**3 - 4*q**2 + 13*q - 12. Calculate the remainder when j(2) is divided by 27.
8
Let q(g) = 13*g - 39. Calculate the remainder when q(15) is divided by 24.
12
Let p(f) = 2*f**2 - 108*f - 154. What is the remainder when 148 is divided by p(56)?
8
Let h(u) = -u**2 - 4*u + 14. Let l(a) be the first derivative of a**3/3 + a**2 - 5*a - 3. What is the remainder when l(-4) is divided by h(-6)?
1
Suppose -5*l - 26 + 91 = 0. Suppose 5*s + 3 = l. Suppose 57*h = 52*h + 25. Calculate the remainder when h is divided by s.
1
Suppose -3*r - n + 38 = 10, 4*r - 40 = -4*n. Calculate the remainder when r is divided by 3.
0
Let w(z) = -2*z**3 - 18*z**2 + 11*z + 22. Let l(k) = -k**3 - k**2 + k + 1. Let q(m) = 3*l(m) - w(m). Calculate the remainder when q(14) is divided by 14.
9
Let x be (-7)/21 - 20/(-6). Suppose -x*g + g + 168 = 5*v, -5*g - 39 = -v. Calculate the remainder when v is divided by 7.
6
Let q(z) = 11*z - 2*z - 7*z - 3*z. Calculate the remainder when 42 is divided by q(-22).
20
Suppose 32*v = r + 28*v - 27, 4*v = 2*r - 42. What is the remainder when 51 is divided by r?
6
Suppose -26*z + 198 = -8*z. Calculate the remainder when 13 is divided by z.
2
Suppose -3*s = 2*m + 30, 2*m + 71 - 21 = -5*s. Suppose -2*r + 9 = 4*d - 31, -4*r - 4*d = -64. What is the remainder when r is divided by -1*1*s/2?
2
Let a be (-12)/(-42) - 254/7. Let p = a + 77. Calculate the remainder when 120 is divided by p.
38
Suppose -4*r = -2*s - 30, -2*r + 2*s - 5*s = 5. Calculate the remainder when 67 is divided by r.
2
Let l = 1 + 8. Let b = 2 + l. What is the remainder when b is divided by 4?
3
Let s(j) = -26*j + 357. What is the remainder when s(-16) is divided by 25?
23
Let f = 6 - -13. What is the remainder when 31 is divided by f?
12
Suppose 54*z + 199 = 57*z - s, -345 = -5*z + 5*s. Calculate the remainder when z is divided by 17.
14
What is the remainder when ((-566)/10*2)/((-20)/50) is divided by 57?
55
Let g = -531 - -577. Suppose -2*d = -57 + 5. Let a = d + -14. Calculate the remainder when g is divided by a.
10
Suppose -12*h - 13 = -97. Calculate the remainder when 25 is divided by h.
4
Let c = 313 + -282. What is the remainder when 82 is divided by c?
20
Suppose -3*a - 12 = -36. Let w = -2 + a. What is the remainder when w/(-4) + (-106)/(-4) is divided by 13?
12
Let c(p) = p + 29. Suppose -67 = 2*m - 5*b - 12, -2*m + b - 35 = 0. Calculate the remainder when 67 is divided by c(m).
11
Suppose -c + 574 = 432. Calculate the remainder when 151 is divided by c.
9
Suppose -g + 4*g - l = 110, 0 = 4*g + 3*l - 151. Let h = -44 - -21. Let u = -13 - h. Calculate the remainder when g is divided by u.
7
Suppose f - 5*f = 0. Suppose f = 2*l + 3*l - 175. Suppose 5*k - 16*k + 99 = 0. What is the remainder when l is divided by k?
8
Suppose 5*x + 5*v = 20, -2*x + 4*x + 4*v = 8. Suppose 2*g - 4*j - 36 = 0, 0 = -2*g - g - j + 54. Calculate the remainder when g is divided by x.
2
Suppose 36*d - 108 = 